{"id":72,"date":"2024-06-24T13:04:39","date_gmt":"2024-06-24T12:04:39","guid":{"rendered":"https:\/\/app.konstfack.se\/dgs2025\/?page_id=72"},"modified":"2025-03-21T13:53:11","modified_gmt":"2025-03-21T13:53:11","slug":"faq","status":"publish","type":"page","link":"https:\/\/app.konstfack.se\/dgs2025\/faq\/","title":{"rendered":"FAQ"},"content":{"rendered":"\n<figure class=\"wp-block-image alignfull size-full\"><img loading=\"lazy\" decoding=\"async\" width=\"8000\" height=\"1626\" src=\"https:\/\/app.konstfack.se\/dgs2025\/wp-content\/uploads\/2024\/06\/DGS-25_Banner_3.png\" alt=\"\" class=\"wp-image-232\" srcset=\"https:\/\/app.konstfack.se\/dgs2025\/wp-content\/uploads\/2024\/06\/DGS-25_Banner_3.png 8000w, https:\/\/app.konstfack.se\/dgs2025\/wp-content\/uploads\/2024\/06\/DGS-25_Banner_3-300x61.png 300w, https:\/\/app.konstfack.se\/dgs2025\/wp-content\/uploads\/2024\/06\/DGS-25_Banner_3-1024x208.png 1024w, https:\/\/app.konstfack.se\/dgs2025\/wp-content\/uploads\/2024\/06\/DGS-25_Banner_3-768x156.png 768w, https:\/\/app.konstfack.se\/dgs2025\/wp-content\/uploads\/2024\/06\/DGS-25_Banner_3-1536x312.png 1536w, https:\/\/app.konstfack.se\/dgs2025\/wp-content\/uploads\/2024\/06\/DGS-25_Banner_3-2048x416.png 2048w\" sizes=\"auto, (max-width: 8000px) 100vw, 8000px\" \/><\/figure>\n\n\n\n<div style=\"height:var(--wp--preset--spacing--50)\" aria-hidden=\"true\" class=\"wp-block-spacer\"><\/div>\n\n\n\n<h2 class=\"wp-block-heading has-simsun-font-family has-large-font-size\"><strong>FAQ<\/strong><\/h2>\n\n\n\n<p class=\"has-simsun-font-family\"><strong>Hotels in Stockholm <\/strong><br>Here&#8217;s a list of a few different hotels nearby Konstfack.<\/p>\n\n\n\n<div class=\"wp-block-file\"><a id=\"wp-block-file--media-8027cce5-7d2f-4736-954d-e54ecc87fdca\" href=\"https:\/\/app.konstfack.se\/dgs2025\/wp-content\/uploads\/2024\/12\/Hotels-Stockholm.pdf\" target=\"_blank\" rel=\"noreferrer noopener\">Hotels Stockholm<\/a><\/div>\n\n\n\n<div style=\"height:40px\" aria-hidden=\"true\" class=\"wp-block-spacer\"><\/div>\n\n\n\n<p class=\"has-simsun-font-family\"><strong>Hostel near Konstfack<\/strong><\/p>\n\n\n\n<p class=\"has-simsun-font-family\"><a href=\"https:\/\/eur01.safelinks.protection.outlook.com\/?url=https%3A%2F%2Fwww.svenskaturistforeningen.se%2Fboende%2Fstf-stockholm-zinkensdamm-hotell-vandrarhem%2F%3Fgad_source%3D1%26gclid%3DCjwKCAiAt4C-BhBcEiwA8Kp0CfI1Z6Z75aTjl_1GQg2zFFF4NAg-SZ4jhER_4CVx1DpXtCOzBxnZ4hoCSYgQAvD_BwE&amp;data=05%7C02%7Ckatarina.lefverstrom%40konstfack.se%7C51c6b757bb694d9fe22408dd57dfcafc%7C1475b5c1612c4286a2aeb19930c11513%7C0%7C0%7C638763340872362333%7CUnknown%7CTWFpbGZsb3d8eyJFbXB0eU1hcGkiOnRydWUsIlYiOiIwLjAuMDAwMCIsIlAiOiJXaW4zMiIsIkFOIjoiTWFpbCIsIldUIjoyfQ%3D%3D%7C0%7C%7C%7C&amp;sdata=0zGk2JHLPyt%2FF5PkwVJVhgJf1KYLfJy%2BkJ3pRYfqkQ4%3D&amp;reserved=0\">STF Zinkensdamm hotell &amp; vandrarhem i Stockholm<\/a><\/p>\n\n\n\n<div style=\"height:40px\" aria-hidden=\"true\" class=\"wp-block-spacer\"><\/div>\n\n\n\n<p class=\"has-simsun-font-family\"><strong>Hostel in Skarpn\u00e4ck nearby Camp in H\u00f6kar\u00e4ngen<\/strong><\/p>\n\n\n\n<p class=\"has-simsun-font-family\">Takes about 5 minutes with bus to and from the Camp site:&nbsp;<a href=\"https:\/\/eur01.safelinks.protection.outlook.com\/?url=https%3A%2F%2Fcityliving.se%2F&amp;data=05%7C02%7Ckatarina.lefverstrom%40konstfack.se%7Cda87f6aea0f942cefc4208dd55ae98c5%7C1475b5c1612c4286a2aeb19930c11513%7C0%7C0%7C638760930544860178%7CUnknown%7CTWFpbGZsb3d8eyJFbXB0eU1hcGkiOnRydWUsIlYiOiIwLjAuMDAwMCIsIlAiOiJXaW4zMiIsIkFOIjoiTWFpbCIsIldUIjoyfQ%3D%3D%7C0%7C%7C%7C&amp;sdata=Agpvi3oKZdDYrQylOzOGUOz5SNktcIInj0Op%2Bo8%2BhoE%3D&amp;reserved=0\">https:\/\/cityliving.se\/<\/a><\/p>\n\n\n\n<div style=\"height:40px\" aria-hidden=\"true\" class=\"wp-block-spacer\"><\/div>\n\n\n\n<p class=\"has-simsun-font-family\"><strong>Folder with information about Stockholm<\/strong><\/p>\n\n\n\n<p class=\"has-simsun-font-family\">Here is a <a href=\"https:\/\/app.konstfack.se\/dgs2025\/wp-content\/uploads\/2025\/03\/DGS25_info-about-Stockholm.pdf\" data-type=\"attachment\" data-id=\"462\">folder<\/a> with some information about the stay in Sweden, things<br>good to know and things we want to share.<\/p>\n\n\n\n<div style=\"height:40px\" aria-hidden=\"true\" class=\"wp-block-spacer\"><\/div>\n\n\n\n<p class=\"has-simsun-font-family\"><strong>How can I get to Konstfack from Stockholm city centre?<\/strong><br>Konstfack lies by the subway station &#8220;Telefonplan&#8221; on the red line with direction &#8220;Fru\u00e4ngen&#8221;. From T-centralen it takes about 20 minutes. Visit <a href=\"https:\/\/sl.se\/en\/in-english\">SL&#8217;s website<\/a> to find out more about tickets and timetables. Konstfack is in the large white house complex that you see on the right when you get out of the subway. For those who drive, there is paid parking nearby.<\/p>\n\n\n\n<p class=\"has-simsun-font-family\"><a href=\"https:\/\/maps.app.goo.gl\/opkEhuZx5aMMwhy9A\">Map<\/a><\/p>\n\n\n\n<div style=\"height:40px\" aria-hidden=\"true\" class=\"wp-block-spacer\"><\/div>\n\n\n\n<p class=\"has-simsun-font-family\"><strong>How can I get to Konsthall C from Stockholm city centre?<\/strong><br>Konsthall C is located at Cigarrv\u00e4gen 14 in H\u00f6kar\u00e4ngen, approximately 700 m from the H\u00f6kar\u00e4ngen subway station. You take the green line to &#8220;Farsta strand&#8221; to get to H\u00f6kar\u00e4ngen. If you are traveling by car, there is both time-limited guest parking and free parking spaces on the street.<\/p>\n\n\n\n<p class=\"has-simsun-font-family\"><a href=\"https:\/\/maps.app.goo.gl\/5LfgnKAwPj8g5r4G6\">Map<\/a><\/p>\n\n\n\n<div style=\"height:40px\" aria-hidden=\"true\" class=\"wp-block-spacer\"><\/div>\n\n\n\n<p class=\"has-simsun-font-family\"><strong>How can I get to and from Arlanda Airport?<\/strong><br>There are different ways of travelling to and from Arlanda Airport &#8211; we&#8217;ve listed a few options here:<\/p>\n\n\n\n<p class=\"has-simsun-font-family\"><a href=\"https:\/\/sl.se\/en\/in-english\/fares--tickets\/visitor-tickets\/travel-to-and-from-arlanda-airport\/\" data-type=\"link\" data-id=\"https:\/\/sl.se\/en\/in-english\/fares--tickets\/visitor-tickets\/travel-to-and-from-arlanda-airport\/\">Regular commuter rail service (SL)<\/a><\/p>\n\n\n\n<p class=\"has-simsun-font-family\"><a href=\"https:\/\/www.arlandaexpress.com\/\">Arlanda Express<\/a> (train)<\/p>\n\n\n\n<p class=\"has-simsun-font-family\"><a href=\"https:\/\/www.flygbussarna.se\/en\/arlanda\">Flygbussarna (bus)<\/a><\/p>\n\n\n\n<p class=\"has-simsun-font-family\"><a href=\"https:\/\/global.flixbus.com\/\">Flixbus<\/a><\/p>\n\n\n\n<p class=\"has-simsun-font-family\"><a href=\"https:\/\/www.taxistockholm.se\/en\/\">Taxi Stockholm<\/a><\/p>\n\n\n\n<div style=\"height:40px\" aria-hidden=\"true\" class=\"wp-block-spacer\"><\/div>\n\n\n\n<p class=\"has-simsun-font-family\"><strong>Where can I find mote information about Arlanda Airport? <\/strong><br>Visit <a href=\"https:\/\/www.swedavia.com\/arlanda\/\">Swedavia&#8217;s website<\/a>.<\/p>\n\n\n\n<div style=\"height:40px\" aria-hidden=\"true\" class=\"wp-block-spacer\"><\/div>\n\n\n\n<p class=\"has-simsun-font-family\"><\/p>\n\n\n\n<p class=\"has-simsun-font-family\"><\/p>\n\n\n\n<p><\/p>\n","protected":false},"excerpt":{"rendered":"<p>FAQ Hotels in Stockholm Here&#8217;s a list of a few different hotels nearby Konstfack. Hostel near Konstfack STF Zinkensdamm hotell &amp; vandrarhem i Stockholm Hostel in Skarpn\u00e4ck nearby Camp in H\u00f6kar\u00e4ngen Takes about 5 minutes with bus to and from the Camp site:&nbsp;https:\/\/cityliving.se\/ Folder with information about Stockholm Here is a folder with some information [&hellip;]<\/p>\n","protected":false},"author":1,"featured_media":0,"parent":0,"menu_order":0,"comment_status":"closed","ping_status":"closed","template":"page-no-title","meta":{"footnotes":""},"class_list":["post-72","page","type-page","status-publish","hentry"],"_links":{"self":[{"href":"https:\/\/app.konstfack.se\/dgs2025\/wp-json\/wp\/v2\/pages\/72","targetHints":{"allow":["GET"]}}],"collection":[{"href":"https:\/\/app.konstfack.se\/dgs2025\/wp-json\/wp\/v2\/pages"}],"about":[{"href":"https:\/\/app.konstfack.se\/dgs2025\/wp-json\/wp\/v2\/types\/page"}],"author":[{"embeddable":true,"href":"https:\/\/app.konstfack.se\/dgs2025\/wp-json\/wp\/v2\/users\/1"}],"replies":[{"embeddable":true,"href":"https:\/\/app.konstfack.se\/dgs2025\/wp-json\/wp\/v2\/comments?post=72"}],"version-history":[{"count":26,"href":"https:\/\/app.konstfack.se\/dgs2025\/wp-json\/wp\/v2\/pages\/72\/revisions"}],"predecessor-version":[{"id":464,"href":"https:\/\/app.konstfack.se\/dgs2025\/wp-json\/wp\/v2\/pages\/72\/revisions\/464"}],"wp:attachment":[{"href":"https:\/\/app.konstfack.se\/dgs2025\/wp-json\/wp\/v2\/media?parent=72"}],"curies":[{"name":"wp","href":"https:\/\/api.w.org\/{rel}","templated":true}]}}