{"id":60,"date":"2024-06-24T13:01:24","date_gmt":"2024-06-24T12:01:24","guid":{"rendered":"https:\/\/app.konstfack.se\/dgs2025\/?page_id=60"},"modified":"2025-04-24T10:54:06","modified_gmt":"2025-04-24T09:54:06","slug":"camp","status":"publish","type":"page","link":"https:\/\/app.konstfack.se\/dgs2025\/camp\/","title":{"rendered":"Camp"},"content":{"rendered":"\n<figure class=\"wp-block-image alignfull size-full\"><img loading=\"lazy\" decoding=\"async\" width=\"8000\" height=\"1626\" src=\"https:\/\/app.konstfack.se\/dgs2025\/wp-content\/uploads\/2024\/06\/DGS-25_Banner_3.png\" alt=\"\" class=\"wp-image-232\" srcset=\"https:\/\/app.konstfack.se\/dgs2025\/wp-content\/uploads\/2024\/06\/DGS-25_Banner_3.png 8000w, https:\/\/app.konstfack.se\/dgs2025\/wp-content\/uploads\/2024\/06\/DGS-25_Banner_3-300x61.png 300w, https:\/\/app.konstfack.se\/dgs2025\/wp-content\/uploads\/2024\/06\/DGS-25_Banner_3-1024x208.png 1024w, https:\/\/app.konstfack.se\/dgs2025\/wp-content\/uploads\/2024\/06\/DGS-25_Banner_3-768x156.png 768w, https:\/\/app.konstfack.se\/dgs2025\/wp-content\/uploads\/2024\/06\/DGS-25_Banner_3-1536x312.png 1536w, https:\/\/app.konstfack.se\/dgs2025\/wp-content\/uploads\/2024\/06\/DGS-25_Banner_3-2048x416.png 2048w\" sizes=\"auto, (max-width: 8000px) 100vw, 8000px\" \/><\/figure>\n\n\n\n<div style=\"height:100px\" aria-hidden=\"true\" class=\"wp-block-spacer\"><\/div>\n\n\n\n<h2 class=\"wp-block-heading has-simsun-font-family has-large-font-size\"><strong>Camp<\/strong><\/h2>\n\n\n\n<p class=\"has-simsun-font-family\">The 17<sup>th<\/sup> InternationalDeleuze &amp; Guattari Studies Camp <em>Pedagogies of Philosophy: Nonsense, and&#8230;and&#8230;and joy<\/em> will be held at Konsthall C in the Stockholm suburb of H\u00f6kar\u00e4ngen.<\/p>\n\n\n\n<p class=\"has-simsun-font-family\"><strong>Camp leaders<\/strong><br>Anna Hickey-Moody<br>Chantelle Gray<br>H\u00e9l\u00e8ne Frichot<br>Jacob Kimvall<br>Sven-Olov Wallenstein<br>Jakob Nilsson<br>Frida Beckman<br>Andrea Creutz &amp; Elizabeth Ward<br>Annika Hellman &amp; Anette G\u00f6thlund<\/p>\n\n\n\n<p><\/p>\n\n\n\n<p class=\"has-simsun-font-family has-large-font-size\"><strong>Camp programme<\/strong><\/p>\n\n\n\n<p class=\"has-simsun-font-family\">Please note that the camp takes place at Konsthall C and not at Konstfack proper, more information below.<\/p>\n\n\n\n<figure class=\"wp-block-table has-simsun-font-family\"><table class=\"has-fixed-layout\"><tbody><tr><td><strong>Preliminary Schedule<\/strong><\/td><td><\/td><\/tr><tr><td>12 June&nbsp;<\/td><td>9-9.30 Meet-up and check in, coffee<br>9.30-10 Welcome <br>10-11 Konsthall C intro + introducing fanzine<br>11-12 Anette G\u00f6thlund and Annika Hellman<br>12-13.30 Lunch<br>13.30-16 Jakob Nilsson och Sven-Olov Wallenstein<br>16-16.40 Andrea Creutz and Elizabeth Ward, The Rhythm of Now workshop 1<\/td><\/tr><tr><td>13 June&nbsp;<\/td><td>9-12 Chantelle Gray, workshop<br>12-13.30 Lunch<br>13.30-15.30 Frida Beckman<br>16-16.40 Andrea Creutz och Elizabeth Ward, The Rhythm of Now workshop 2<\/td><\/tr><tr><td>14 June<\/td><td>9-9.40 Andrea Creutz and Elizabeth Ward, The Rhythm of Now workshop 3<br>10-12 H\u00e9l\u00e8ne Frichot, Diagrams workshop<br>12-13.30 Lunch<br>13.30-14.30 cont.Diagrams and materials treament<br>14.30-15.10 Andrea Creutz and Elizabeth Ward, The Rhythm of Now workshop 4<br>15.20-15.40 Jacob Kimvall lecture<br>15.40 walk-and-talk with Jacob to Sn\u00f6s\u00e4tra, arrival aprox. 16.20<br>16.20- <br>Graffiti workshop with voluntary food truck<\/td><\/tr><tr><td>15 June<\/td><td>9-11 Anna Hickey-Moody<br>11-12 Working on the fanzine<br>12-13.30 Lunch<br>13.30-17 cont. working on the fanzine<\/td><\/tr><\/tbody><\/table><\/figure>\n\n\n\n<p class=\"has-simsun-font-family\"><\/p>\n\n\n\n<p><\/p>\n\n\n\n<p class=\"has-simsun-font-family has-large-font-size\" style=\"font-style:normal;font-weight:700\"><strong>Abstracts<\/strong> and reading instructions<\/p>\n\n\n\n<p class=\"has-simsun-font-family\"><a href=\"https:\/\/app.konstfack.se\/dgs2025\/campabstract-nilssonandwallenstein\/\" data-type=\"page\" data-id=\"522\">Jakob Nilsson &amp; Sven-Olov Wallenstein<br><\/a><a href=\"https:\/\/app.konstfack.se\/dgs2025\/campabstract-creutzandward\/\" data-type=\"page\" data-id=\"498\">Andrea Creutz &amp; Elizabeth Ward<\/a><br><a href=\"https:\/\/app.konstfack.se\/dgs2025\/campabstract-chantellegray\/\" data-type=\"page\" data-id=\"481\">Chantelle Gray<\/a><br><a href=\"https:\/\/app.konstfack.se\/dgs2025\/campabstract-fridabeckman\/\" data-type=\"page\" data-id=\"492\">Frida Beckman<\/a><br><a href=\"https:\/\/app.konstfack.se\/dgs2025\/campabstract-helenefrichot\/\" data-type=\"page\" data-id=\"487\">H\u00e9l\u00e8ne Frichot<\/a><br><a href=\"https:\/\/app.konstfack.se\/dgs2025\/campabstract-gothlundandhellman\/\" data-type=\"page\" data-id=\"539\">Anette G\u00f6thlund &amp; Annika Hellman<\/a><\/p>\n\n\n\n<div style=\"height:100px\" aria-hidden=\"true\" class=\"wp-block-spacer\"><\/div>\n\n\n\n<p class=\"has-simsun-font-family has-large-font-size\"><strong>About Konsthall C<\/strong><\/p>\n\n\n\n<p class=\"has-simsun-font-family\">Konsthall C is an art institution, an urban renewal project and a public work of art located in a former communal laundry in the H\u00f6kar\u00e4ngen neighborhood of Stockholm. Since the start in 2004, we have organized exhibitions and events based on the neighbourhood&#8217;s history and present, its people and its environment. This is a text that describes the multifaceted organisation and its significance, now and in the future.<br><br>Today, Konsthall C is an established platform for contemporary art. The organisation still has its starting point in the former laundry space, where exhibitions, events and educational projects take place. In 2019, we began conducting an AiR (artist in residency) in collaboration with a private landowner in the neighbourhood. The Research Station, as the house is called, is a guest house for artists, researchers and others who in various ways create art with and for H\u00f6kar\u00e4ngen. Centrifug is a small gallery located at the entrance of Konsthall C. Here, artists exhibit for short periods, in parallel with the program of the large exhibition hall. In contrast to our large exhibitions, which are carefully planned by our artistic director, Centrifug is a free room where anyone can exhibit. We also have a Local Artist Network, where we host meetings for and exhibit 50 artists who live and work in the area. Our pedagogical project, \u201cArt in the Preschool&#8221; is an annual exhibition featuring artwork made by 500 preschoolers from the neighbourhood.<br><br>In recent years, Konsthall C has been characterized by a high international profile and relevance. The artists who exhibit come from all over the world, which has made the gallery an important player in national and international art life. At Konsthall C, new artistic strategies are tried out, as well as new ways of organizing and displaying art and culture. The artistic director, who is replaced at regular intervals, is chosen based on an idea of how new art expressions can interact with H\u00f6kar\u00e4ngen as a place. The time at Konsthall C gives unestablished talents the opportunity to experiment with the organization, in mutual learning that often leads to an international career in art.<\/p>\n\n\n\n<p class=\"has-simsun-font-family\">Konsthall C will offer a collaborative \u201cRiso-zine program&#8221; throughout the duration of the Camp. More information TBA.<\/p>\n\n\n\n<p class=\"has-simsun-font-family\">Konsthall C is located at Cigarrv\u00e4gen 14 in H\u00f6kar\u00e4ngen, approximately 700 m from the H\u00f6kar\u00e4ngen subway station. You take the green line to \u201cFarsta strand\u201d to get to H\u00f6kar\u00e4ngen. If you are traveling by car, there is both time-limited guest parking and free parking spaces on the street.<\/p>\n\n\n\n<figure class=\"wp-block-image size-large is-resized\"><a href=\"https:\/\/www.konsthallc.se\/\"><img loading=\"lazy\" decoding=\"async\" width=\"1024\" height=\"142\" src=\"https:\/\/app.konstfack.se\/dgs2025\/wp-content\/uploads\/2024\/06\/Logo-1024x142.png\" alt=\"\" class=\"wp-image-45\" style=\"width:246px;height:auto\" srcset=\"https:\/\/app.konstfack.se\/dgs2025\/wp-content\/uploads\/2024\/06\/Logo-1024x142.png 1024w, https:\/\/app.konstfack.se\/dgs2025\/wp-content\/uploads\/2024\/06\/Logo-300x42.png 300w, https:\/\/app.konstfack.se\/dgs2025\/wp-content\/uploads\/2024\/06\/Logo-768x107.png 768w, https:\/\/app.konstfack.se\/dgs2025\/wp-content\/uploads\/2024\/06\/Logo-1536x213.png 1536w, https:\/\/app.konstfack.se\/dgs2025\/wp-content\/uploads\/2024\/06\/Logo.png 1765w\" sizes=\"auto, (max-width: 1024px) 100vw, 1024px\" \/><\/a><\/figure>\n","protected":false},"excerpt":{"rendered":"<p>Camp The 17th InternationalDeleuze &amp; Guattari Studies Camp Pedagogies of Philosophy: Nonsense, and&#8230;and&#8230;and joy will be held at Konsthall C in the Stockholm suburb of H\u00f6kar\u00e4ngen. Camp leadersAnna Hickey-MoodyChantelle GrayH\u00e9l\u00e8ne FrichotJacob KimvallSven-Olov WallensteinJakob NilssonFrida BeckmanAndrea Creutz &amp; Elizabeth WardAnnika Hellman &amp; Anette G\u00f6thlund Camp programme Please note that the camp takes place at Konsthall C [&hellip;]<\/p>\n","protected":false},"author":1,"featured_media":0,"parent":0,"menu_order":0,"comment_status":"closed","ping_status":"closed","template":"page-no-title","meta":{"footnotes":""},"class_list":["post-60","page","type-page","status-publish","hentry"],"_links":{"self":[{"href":"https:\/\/app.konstfack.se\/dgs2025\/wp-json\/wp\/v2\/pages\/60","targetHints":{"allow":["GET"]}}],"collection":[{"href":"https:\/\/app.konstfack.se\/dgs2025\/wp-json\/wp\/v2\/pages"}],"about":[{"href":"https:\/\/app.konstfack.se\/dgs2025\/wp-json\/wp\/v2\/types\/page"}],"author":[{"embeddable":true,"href":"https:\/\/app.konstfack.se\/dgs2025\/wp-json\/wp\/v2\/users\/1"}],"replies":[{"embeddable":true,"href":"https:\/\/app.konstfack.se\/dgs2025\/wp-json\/wp\/v2\/comments?post=60"}],"version-history":[{"count":45,"href":"https:\/\/app.konstfack.se\/dgs2025\/wp-json\/wp\/v2\/pages\/60\/revisions"}],"predecessor-version":[{"id":543,"href":"https:\/\/app.konstfack.se\/dgs2025\/wp-json\/wp\/v2\/pages\/60\/revisions\/543"}],"wp:attachment":[{"href":"https:\/\/app.konstfack.se\/dgs2025\/wp-json\/wp\/v2\/media?parent=60"}],"curies":[{"name":"wp","href":"https:\/\/api.w.org\/{rel}","templated":true}]}}

<figure class="wp-block-image alignfull size-full"><img loading="lazy" decoding="async" width="8000" height="1626" src="https://app.konstfack.se/dgs2025/wp-content/uploads/2024/06/DGS-25_Banner_3.png" alt="" class="wp-image-232" srcset="https://app.konstfack.se/dgs2025/wp-content/uploads/2024/06/DGS-25_Banner_3.png 8000w, https://app.konstfack.se/dgs2025/wp-content/uploads/2024/06/DGS-25_Banner_3-300x61.png 300w, https://app.konstfack.se/dgs2025/wp-content/uploads/2024/06/DGS-25_Banner_3-1024x208.png 1024w, https://app.konstfack.se/dgs2025/wp-content/uploads/2024/06/DGS-25_Banner_3-768x156.png 768w, https://app.konstfack.se/dgs2025/wp-content/uploads/2024/06/DGS-25_Banner_3-1536x312.png 1536w, https://app.konstfack.se/dgs2025/wp-content/uploads/2024/06/DGS-25_Banner_3-2048x416.png 2048w" sizes="auto, (max-width: 8000px) 100vw, 8000px" /></figure>



<div style="height:100px" aria-hidden="true" class="wp-block-spacer"></div>



<h2 class="wp-block-heading has-simsun-font-family has-large-font-size"><strong>Camp</strong></h2>



<p class="has-simsun-font-family">The 17<sup>th</sup> InternationalDeleuze &amp; Guattari Studies Camp <em>Pedagogies of Philosophy: Nonsense, and&#8230;and&#8230;and joy</em> will be held at Konsthall C in the Stockholm suburb of Hökarängen.</p>



<p class="has-simsun-font-family"><strong>Camp leaders</strong><br>Anna Hickey-Moody<br>Chantelle Gray<br>Hélène Frichot<br>Jacob Kimvall<br>Sven-Olov Wallenstein<br>Jakob Nilsson<br>Frida Beckman<br>Andrea Creutz &amp; Elizabeth Ward<br>Annika Hellman &amp; Anette Göthlund</p>



<p></p>



<p class="has-simsun-font-family has-large-font-size"><strong>Camp programme</strong></p>



<p class="has-simsun-font-family">Please note that the camp takes place at Konsthall C and not at Konstfack proper, more information below.</p>



<figure class="wp-block-table has-simsun-font-family"><table class="has-fixed-layout"><tbody><tr><td><strong>Preliminary Schedule</strong></td><td></td></tr><tr><td>12 June&nbsp;</td><td>9-9.30 Meet-up and check in, coffee<br>9.30-10 Welcome <br>10-11 Konsthall C intro + introducing fanzine<br>11-12 Anette Göthlund and Annika Hellman<br>12-13.30 Lunch<br>13.30-16 Jakob Nilsson och Sven-Olov Wallenstein<br>16-16.40 Andrea Creutz and Elizabeth Ward, The Rhythm of Now workshop 1</td></tr><tr><td>13 June&nbsp;</td><td>9-12 Chantelle Gray, workshop<br>12-13.30 Lunch<br>13.30-15.30 Frida Beckman<br>16-16.40 Andrea Creutz och Elizabeth Ward, The Rhythm of Now workshop 2</td></tr><tr><td>14 June</td><td>9-9.40 Andrea Creutz and Elizabeth Ward, The Rhythm of Now workshop 3<br>10-12 Hélène Frichot, Diagrams workshop<br>12-13.30 Lunch<br>13.30-14.30 cont.Diagrams and materials treament<br>14.30-15.10 Andrea Creutz and Elizabeth Ward, The Rhythm of Now workshop 4<br>15.20-15.40 Jacob Kimvall lecture<br>15.40 walk-and-talk with Jacob to Snösätra, arrival aprox. 16.20<br>16.20- <br>Graffiti workshop with voluntary food truck</td></tr><tr><td>15 June</td><td>9-11 Anna Hickey-Moody<br>11-12 Working on the fanzine<br>12-13.30 Lunch<br>13.30-17 cont. working on the fanzine</td></tr></tbody></table></figure>



<p class="has-simsun-font-family"></p>



<p></p>



<p class="has-simsun-font-family has-large-font-size" style="font-style:normal;font-weight:700"><strong>Abstracts</strong> and reading instructions</p>



<p class="has-simsun-font-family"><a href="https://app.konstfack.se/dgs2025/campabstract-nilssonandwallenstein/" data-type="page" data-id="522">Jakob Nilsson &amp; Sven-Olov Wallenstein<br></a><a href="https://app.konstfack.se/dgs2025/campabstract-creutzandward/" data-type="page" data-id="498">Andrea Creutz &amp; Elizabeth Ward</a><br><a href="https://app.konstfack.se/dgs2025/campabstract-chantellegray/" data-type="page" data-id="481">Chantelle Gray</a><br><a href="https://app.konstfack.se/dgs2025/campabstract-fridabeckman/" data-type="page" data-id="492">Frida Beckman</a><br><a href="https://app.konstfack.se/dgs2025/campabstract-helenefrichot/" data-type="page" data-id="487">Hélène Frichot</a><br><a href="https://app.konstfack.se/dgs2025/campabstract-gothlundandhellman/" data-type="page" data-id="539">Anette Göthlund &amp; Annika Hellman</a></p>



<div style="height:100px" aria-hidden="true" class="wp-block-spacer"></div>



<p class="has-simsun-font-family has-large-font-size"><strong>About Konsthall C</strong></p>



<p class="has-simsun-font-family">Konsthall C is an art institution, an urban renewal project and a public work of art located in a former communal laundry in the Hökarängen neighborhood of Stockholm. Since the start in 2004, we have organized exhibitions and events based on the neighbourhood&#8217;s history and present, its people and its environment. This is a text that describes the multifaceted organisation and its significance, now and in the future.<br><br>Today, Konsthall C is an established platform for contemporary art. The organisation still has its starting point in the former laundry space, where exhibitions, events and educational projects take place. In 2019, we began conducting an AiR (artist in residency) in collaboration with a private landowner in the neighbourhood. The Research Station, as the house is called, is a guest house for artists, researchers and others who in various ways create art with and for Hökarängen. Centrifug is a small gallery located at the entrance of Konsthall C. Here, artists exhibit for short periods, in parallel with the program of the large exhibition hall. In contrast to our large exhibitions, which are carefully planned by our artistic director, Centrifug is a free room where anyone can exhibit. We also have a Local Artist Network, where we host meetings for and exhibit 50 artists who live and work in the area. Our pedagogical project, “Art in the Preschool&#8221; is an annual exhibition featuring artwork made by 500 preschoolers from the neighbourhood.<br><br>In recent years, Konsthall C has been characterized by a high international profile and relevance. The artists who exhibit come from all over the world, which has made the gallery an important player in national and international art life. At Konsthall C, new artistic strategies are tried out, as well as new ways of organizing and displaying art and culture. The artistic director, who is replaced at regular intervals, is chosen based on an idea of how new art expressions can interact with Hökarängen as a place. The time at Konsthall C gives unestablished talents the opportunity to experiment with the organization, in mutual learning that often leads to an international career in art.</p>



<p class="has-simsun-font-family">Konsthall C will offer a collaborative “Riso-zine program&#8221; throughout the duration of the Camp. More information TBA.</p>



<p class="has-simsun-font-family">Konsthall C is located at Cigarrvägen 14 in Hökarängen, approximately 700 m from the Hökarängen subway station. You take the green line to “Farsta strand” to get to Hökarängen. If you are traveling by car, there is both time-limited guest parking and free parking spaces on the street.</p>



<figure class="wp-block-image size-large is-resized"><a href="https://www.konsthallc.se/"><img loading="lazy" decoding="async" width="1024" height="142" src="https://app.konstfack.se/dgs2025/wp-content/uploads/2024/06/Logo-1024x142.png" alt="" class="wp-image-45" style="width:246px;height:auto" srcset="https://app.konstfack.se/dgs2025/wp-content/uploads/2024/06/Logo-1024x142.png 1024w, https://app.konstfack.se/dgs2025/wp-content/uploads/2024/06/Logo-300x42.png 300w, https://app.konstfack.se/dgs2025/wp-content/uploads/2024/06/Logo-768x107.png 768w, https://app.konstfack.se/dgs2025/wp-content/uploads/2024/06/Logo-1536x213.png 1536w, https://app.konstfack.se/dgs2025/wp-content/uploads/2024/06/Logo.png 1765w" sizes="auto, (max-width: 1024px) 100vw, 1024px" /></a></figure>

<p>Camp The 17th InternationalDeleuze &amp; Guattari Studies Camp Pedagogies of Philosophy: Nonsense, and&#8230;and&#8230;and joy will be held at Konsthall C in the Stockholm suburb of Hökarängen. Camp leadersAnna Hickey-MoodyChantelle GrayHélène FrichotJacob KimvallSven-Olov WallensteinJakob NilssonFrida BeckmanAndrea Creutz &amp; Elizabeth WardAnnika Hellman &amp; Anette Göthlund Camp programme Please note that the camp takes place at Konsthall C [&hellip;]</p>
